{"id":13032,"date":"2018-10-01T15:19:33","date_gmt":"2018-10-01T15:19:33","guid":{"rendered":"https:\/\/washrocks.com\/?page_id=13032"},"modified":"2022-08-23T08:33:32","modified_gmt":"2022-08-23T08:33:32","slug":"precios-de-tintoreria-a-domicilio","status":"publish","type":"page","link":"https:\/\/washrocks.com\/blog\/precios-de-tintoreria-a-domicilio\/","title":{"rendered":"Lista de precios de lavanderia"},"content":{"rendered":"<section class=\"section\">\n<h1 class=\"title has-text-white\">\u00bfCu\u00e1l es el precio de tintorer\u00eda a domicilio en mi ciudad?<\/h1>\n<p>Si eres un habitual de este servicio, seguro que m\u00e1s de una vez te has hecho esta pregunta comparando varias empresas que hacen este servicio. Se trata de un servicio muy personal d\u00f3nde solo hay un objetivo: entregar tu ropa limpia. En <a href=\"http:\/\/washrocks.com\">WASHROCKS<\/a>, sabemos que los precios de tintorer\u00eda a domicilio var\u00edan en funci\u00f3n de la prenda seleccionada por lo que te recomendamos que hagas una <a href=\"https:\/\/washrocks.com\/todas-las-categorias\" target=\"_blank\" rel=\"noopener noreferrer\">simulaci\u00f3n de la colada<\/a> con todo lo que necesites lavar o planchar. Desc\u00e1rgate nuestra App y en el \u00faltimo paso podr\u00e1s elegir en que direcci\u00f3n y a qu\u00e9 hora quieres que te lo recojamos y despu\u00e9s nuestro transportista te lo llevar\u00e1 donde t\u00fa quieras. Ahhh !y no te olvides de que a partir de 45\u20ac las recogidas y las entregas son totalmente gratuitas! \u00bfQu\u00e9 m\u00e1s se puede pedir?<\/p>\n<article>\n<h2 class=\"title has-text-white\">Tintorer\u00eda a domicilio<\/h2>\n<p>El servicio de tintorer\u00eda incluye el desmanchado, lavado y planchado de las prendas. Para que recibas tus prendas de la mejor manera posible, te lo entregamos en percha para mantener tu ropa sin arrugas. A continuaci\u00f3n te dejamos algunos de los servicios que ofrecemos.<\/p>\n<ul>\n<li style=\"list-style-type: none;\">\n<ul>\n<li><b>Tintorer\u00eda especial de Trajes:<\/b> Lavado en seco, planchado con mucho mimo y entrega con percha. El precio de lavar trajes es de 14,95\u20ac. \u00a1Pregunta por nuestros packs y bonos!.<\/li>\n<\/ul>\n<\/li>\n<\/ul>\n<ul>\n<li style=\"list-style-type: none;\">\n<ul>\n<li><b>Tintorer\u00eda de vestidos:<\/b> Se lava seg\u00fan la etiqueta lo planchamos y lo entregamos en percha. Desde 10,95\u20ac cada vestido.<\/li>\n<\/ul>\n<\/li>\n<\/ul>\n<ul>\n<li style=\"list-style-type: none;\">\n<ul>\n<li><b>Lavado y planchado de camisas:<\/b> Por este precio incluimos la eliminaci\u00f3n de manchas, lavado y planchado de tu camisa favorita. Desde 3,95\u20ac la unidad.<\/li>\n<\/ul>\n<\/li>\n<\/ul>\n<\/article>\n<article>\n<h2 class=\"title has-text-white\">Lavander\u00eda a domicilio<\/h2>\n<p>En el caso de la lavander\u00eda el servicio es un tanto diferente. Si bien es cierto que todos nuestros productos de lavander\u00eda se entregan doblados, en el caso de las bolsas de kg adem\u00e1s se entregan sin planchar. De esta manera podemos ofrecer un servicio 24h. A continuaci\u00f3n te ofrecemos algunos de nuestros servicios:<\/p>\n<ul>\n<li style=\"list-style-type: none;\">\n<ul>\n<li><b>Bolsas de 5Kg (peso de lo que cabe en una lavadora convencional):<\/b> Nosotros lo lavamos en lavadoras especiales y se devuelve a tu domicilio todo doblado. Desde 2,29\u20ac\/Kg.<\/li>\n<\/ul>\n<\/li>\n<\/ul>\n<ul>\n<li style=\"list-style-type: none;\">\n<ul>\n<li><b>Lavar y planchar juego de cama:<\/b> Incluye la s\u00e1bana bajera, s\u00e1bana encimera o funda n\u00f3rdica y almohadas. Desde 16,50\u20ac el juego.<\/li>\n<\/ul>\n<\/li>\n<\/ul>\n<ul>\n<li style=\"list-style-type: none;\">\n<ul>\n<li><b>Lavado y planchado de toallas:<\/b> Tu toalla como el primer d\u00eda, lavado y planchado profesional con la \u00faltima tecnolog\u00eda. Desde 2,50\u20ac la unidad.<\/li>\n<\/ul>\n<\/li>\n<\/ul>\n<\/article>\n<article>\n<h2 class=\"title has-text-white\">Otras prendas para lavar a domicilio<\/h2>\n<p>Pero no todo va a ser lavander\u00eda y tintorer\u00eda. Tambi\u00e9n ofrecemos servicios tan \u00fanicos como la ropa de esqu\u00ed o las alfombras. Este \u00faltimo servicio te va a quitar el subir escaleras cargado con tu alfombra, as\u00ed que mejores opciones no vas a tener.<\/p>\n<ul>\n<li style=\"list-style-type: none;\">\n<ul>\n<li><b>Lavado de ropa de esqu\u00ed:<\/b> Lavamos y quitamos manchas con m\u00e1quinas especiales de ropa de esqui como guantes, pantalones y abrigo. Desde 13,95\u20ac.<\/li>\n<\/ul>\n<\/li>\n<\/ul>\n<ul>\n<li style=\"list-style-type: none;\">\n<ul>\n<li><b>Alfombras:<\/b> Servicio especial de lavado de alfombras y eliminaci\u00f3n de \u00e1caros. El precio depende del tama\u00f1o desde 12,45\u20ac el metro cuadrado.<\/li>\n<\/ul>\n<\/li>\n<\/ul>\n<ul>\n<li style=\"list-style-type: none;\">\n<ul>\n<li><b>Abrigos de piel:<\/b> Todo tipo de abrigos especiales, de vis\u00f3n, de cuero, ante y muchos m\u00e1s. Nosotros los cuidaremos y los trataremos como se merecen.<\/li>\n<\/ul>\n<\/li>\n<\/ul>\n<\/article>\n<p>\u00bfNo est\u00e1s convencido? Tenemos un art\u00edculo donde te sacaremos de dudas: <a href=\"https:\/\/washrocks.com\/blog\/precio-poner-lavadora-vs-washrocks\/\">simulaci\u00f3n de coste de poner una lavadora vs servicio de tintorer\u00eda a domicilio.<\/a><\/p>\n<p>Continua navegando <a href=\"https:\/\/washrocks.com\/?utm_source=washrocks.com&amp;utm_medium=web_es\">por aqu\u00ed<\/a> para conocer todos nuestros precios y a\u00f1adir a nuestro cesto de la ropa todo lo que necesites. Si quieres saber si llegamos a tu zona solo tienes que introducir tu c\u00f3digo postal en <a href=\"https:\/\/washrocks.com\/#cobertura-tintoreria\">este enlace.<\/a> Si eres un buscavidas y te gusta saber m\u00e1s sobre el lavado de tu ropa siempre puedes consultar nuestro <a href=\"https:\/\/blog.washrocks.com\/blog\/\">blog<\/a> d\u00f3nde encontrar\u00e1s todo tipo de consejos para optimizar tu colada.<\/p>\n<\/section>\n<!-- Begin Yuzo --><div class='yuzo_related_post style-1'  data-version='5.12.90'><!-- without result --><div class='yuzo_clearfixed yuzo__title yuzo__title'><h3>Entradas relacionadas de nuestro blog de tintorer\u00eda<\/h3><\/div>\n\t\t\t\t\t\t  <div class=\"relatedthumb box_shadow_related\" style=\"width:px;float:left;overflow:hidden;\">  \n\t\t\t\t\t\t\t  \n\t\t\t\t\t\t\t  <a  href=\"https:\/\/washrocks.com\/blog\/como-recuperar-un-jersey-de-lana-encogido-en-casa-paso-a-paso\/\"  >\n\t\t\t\t\t\t\t\t\t  <div class=\"yuzo-img-wrap \" style=\"width: px;height:px;\">\n\t\t\t\t\t\t\t\t\t\t\n\t\t\t\t\t\t\t\t\t\t<div class=\"yuzo-img\" style=\"background:url('https:\/\/washrocks.com\/blog\/wp-content\/uploads\/2026\/01\/20260106A-300x300.png') 50% 50% no-repeat;width: px;height:px;margin-bottom: 5px;background-size: cover; \"><\/div>\n\t\t\t\t\t\t\t\t\t  <\/div>\n\t\t\t\t\t\t\t\t\t  \n\t\t\t\t\t\t\t\t   <span class=\"yuzo__text--title\" style=\"font-size:13px;font-weight:bold;\">C\u00f3mo recuperar un jersey de lana encogido en casa paso a pas...<\/span>\n\t\t\t\t\t\t\t  \n\t\t\t\t\t\t\t  \n\t\t\t\t\t\t\t  <\/a>\n\n\t\t\t\t\t\t  <\/div>\n\t\t\t\t\t\t  <div class=\"relatedthumb box_shadow_related\" style=\"width:px;float:left;overflow:hidden;\">  \n\t\t\t\t\t\t\t  \n\t\t\t\t\t\t\t  <a  href=\"https:\/\/washrocks.com\/blog\/como-quitar-manchas-que-no-salen-de-la-ropa-metodos-y-consejos-efectivos\/\"  >\n\t\t\t\t\t\t\t\t\t  <div class=\"yuzo-img-wrap \" style=\"width: px;height:px;\">\n\t\t\t\t\t\t\t\t\t\t\n\t\t\t\t\t\t\t\t\t\t<div class=\"yuzo-img\" style=\"background:url('https:\/\/washrocks.com\/blog\/wp-content\/uploads\/como-quitar-manchas-dificiles.jpg') 50% 50% no-repeat;width: px;height:px;margin-bottom: 5px;background-size: cover; \"><\/div>\n\t\t\t\t\t\t\t\t\t  <\/div>\n\t\t\t\t\t\t\t\t\t  \n\t\t\t\t\t\t\t\t   <span class=\"yuzo__text--title\" style=\"font-size:13px;font-weight:bold;\">C\u00f3mo quitar manchas que no salen de la ropa: m\u00e9todos y conse...<\/span>\n\t\t\t\t\t\t\t  \n\t\t\t\t\t\t\t  \n\t\t\t\t\t\t\t  <\/a>\n\n\t\t\t\t\t\t  <\/div>\n\t\t\t\t\t\t  <div class=\"relatedthumb box_shadow_related\" style=\"width:px;float:left;overflow:hidden;\">  \n\t\t\t\t\t\t\t  \n\t\t\t\t\t\t\t  <a  href=\"https:\/\/washrocks.com\/blog\/como-limpiar-el-cuero-de-un-bolso-trucos-y-pasos-clave\/\"  >\n\t\t\t\t\t\t\t\t\t  <div class=\"yuzo-img-wrap \" style=\"width: px;height:px;\">\n\t\t\t\t\t\t\t\t\t\t\n\t\t\t\t\t\t\t\t\t\t<div class=\"yuzo-img\" style=\"background:url('https:\/\/washrocks.com\/blog\/wp-content\/uploads\/2025\/08\/file-1756451303-300x300.png') 50% 50% no-repeat;width: px;height:px;margin-bottom: 5px;background-size: cover; \"><\/div>\n\t\t\t\t\t\t\t\t\t  <\/div>\n\t\t\t\t\t\t\t\t\t  \n\t\t\t\t\t\t\t\t   <span class=\"yuzo__text--title\" style=\"font-size:13px;font-weight:bold;\">\u00bfC\u00f3mo limpiar el cuero de un bolso? Trucos y pasos clave<\/span>\n\t\t\t\t\t\t\t  \n\t\t\t\t\t\t\t  \n\t\t\t\t\t\t\t  <\/a>\n\n\t\t\t\t\t\t  <\/div>\n\t\t\t\t\t\t  <div class=\"relatedthumb box_shadow_related\" style=\"width:px;float:left;overflow:hidden;\">  \n\t\t\t\t\t\t\t  \n\t\t\t\t\t\t\t  <a  href=\"https:\/\/washrocks.com\/blog\/tipos-de-telas-y-sus-nombres-con-imagenes-guia-completa-2\/\"  >\n\t\t\t\t\t\t\t\t\t  <div class=\"yuzo-img-wrap \" style=\"width: px;height:px;\">\n\t\t\t\t\t\t\t\t\t\t\n\t\t\t\t\t\t\t\t\t\t<div class=\"yuzo-img\" style=\"background:url('https:\/\/washrocks.com\/blog\/wp-content\/uploads\/2026\/01\/20260126A-300x300.png') 50% 50% no-repeat;width: px;height:px;margin-bottom: 5px;background-size: cover; \"><\/div>\n\t\t\t\t\t\t\t\t\t  <\/div>\n\t\t\t\t\t\t\t\t\t  \n\t\t\t\t\t\t\t\t   <span class=\"yuzo__text--title\" style=\"font-size:13px;font-weight:bold;\">Tipos de telas y sus nombres con im\u00e1genes: gu\u00eda completa<\/span>\n\t\t\t\t\t\t\t  \n\t\t\t\t\t\t\t  \n\t\t\t\t\t\t\t  <\/a>\n\n\t\t\t\t\t\t  <\/div>\n<\/div> <script>\n\t\t\t\t\t\t  jQuery(document).ready(function( $ ){\n\t\t\t\t\t\t\t\/\/jQuery('.yuzo_related_post').equalizer({ overflow : 'relatedthumb' });\n\t\t\t\t\t\t\tjQuery('.yuzo_related_post .yuzo_wraps').equalizer({ columns : '> div' });\n\t\t\t\t\t\t   })\n\t\t\t\t\t\t  <\/script> <!-- End Yuzo :) -->","protected":false},"excerpt":{"rendered":"<p>\u00bfCu\u00e1l es el precio de tintorer\u00eda a domicilio en mi ciudad? Si eres un habitual de este servicio, seguro que m\u00e1s de una vez te has hecho esta pregunta comparando varias empresas que hacen este servicio. Se trata de un servicio muy personal d\u00f3nde solo hay un objetivo: entregar tu ropa limpia. En WASHROCKS, sabemos [&hellip;]<\/p>\n","protected":false},"author":1,"featured_media":0,"parent":0,"menu_order":0,"comment_status":"closed","ping_status":"closed","template":"","meta":{"footnotes":""},"class_list":["post-13032","page","type-page","status-publish","hentry"],"_wp_attached_file":null,"_wp_attachment_metadata":null,"_wp_page_template":"default","blogger_bid":null,"blogger_blog":null,"blogger_id":null,"blogger_author":null,"pyre_link_icon_url":null,"pyre_post_links_target":null,"yoast_head":"<!-- This site is optimized with the Yoast SEO plugin v27.1.1 - https:\/\/yoast.com\/product\/yoast-seo-wordpress\/ -->\n<title>WASHROCKS - Lista de precios de tintorer\u00eda a domicilio en tu ciudad<\/title>\n<meta name=\"description\" content=\"Consulta la tabla de precios de tintorer\u00eda a domicilio que Washrocks ofrece en tu ciudad. Tambi\u00e9n lavander\u00eda a domicilio en Barcelona, Madrid y Valencia.\" \/>\n<meta name=\"robots\" content=\"index, follow, max-snippet:-1, max-image-preview:large, max-video-preview:-1\" \/>\n<link rel=\"canonical\" href=\"https:\/\/washrocks.com\/blog\/precios-de-tintoreria-a-domicilio\/\" \/>\n<meta property=\"og:locale\" content=\"es_ES\" \/>\n<meta property=\"og:type\" content=\"article\" \/>\n<meta property=\"og:title\" content=\"WASHROCKS - Lista de precios de tintorer\u00eda a domicilio en tu ciudad\" \/>\n<meta property=\"og:description\" content=\"Consulta la tabla de precios de tintorer\u00eda a domicilio que Washrocks ofrece en tu ciudad. Tambi\u00e9n lavander\u00eda a domicilio en Barcelona, Madrid y Valencia.\" \/>\n<meta property=\"og:url\" content=\"https:\/\/washrocks.com\/blog\/precios-de-tintoreria-a-domicilio\/\" \/>\n<meta property=\"og:site_name\" content=\"Consejos para cuidar la ropa \u1405 Blog de WASHROCKS\" \/>\n<meta property=\"article:publisher\" content=\"https:\/\/www.facebook.com\/WASHROCKS\/\" \/>\n<meta property=\"article:modified_time\" content=\"2022-08-23T08:33:32+00:00\" \/>\n<meta name=\"twitter:card\" content=\"summary_large_image\" \/>\n<meta name=\"twitter:site\" content=\"@washrocksapp\" \/>\n<meta name=\"twitter:label1\" content=\"Tiempo de lectura\" \/>\n\t<meta name=\"twitter:data1\" content=\"3 minutos\" \/>\n<script type=\"application\/ld+json\" class=\"yoast-schema-graph\">{\"@context\":\"https:\/\/schema.org\",\"@graph\":[{\"@type\":\"WebPage\",\"@id\":\"https:\/\/washrocks.com\/blog\/precios-de-tintoreria-a-domicilio\/\",\"url\":\"https:\/\/washrocks.com\/blog\/precios-de-tintoreria-a-domicilio\/\",\"name\":\"WASHROCKS - Lista de precios de tintorer\u00eda a domicilio en tu ciudad\",\"isPartOf\":{\"@id\":\"https:\/\/washrocks.com\/blog\/#website\"},\"datePublished\":\"2018-10-01T15:19:33+00:00\",\"dateModified\":\"2022-08-23T08:33:32+00:00\",\"description\":\"Consulta la tabla de precios de tintorer\u00eda a domicilio que Washrocks ofrece en tu ciudad. Tambi\u00e9n lavander\u00eda a domicilio en Barcelona, Madrid y Valencia.\",\"breadcrumb\":{\"@id\":\"https:\/\/washrocks.com\/blog\/precios-de-tintoreria-a-domicilio\/#breadcrumb\"},\"inLanguage\":\"es\",\"potentialAction\":[{\"@type\":\"ReadAction\",\"target\":[\"https:\/\/washrocks.com\/blog\/precios-de-tintoreria-a-domicilio\/\"]}]},{\"@type\":\"BreadcrumbList\",\"@id\":\"https:\/\/washrocks.com\/blog\/precios-de-tintoreria-a-domicilio\/#breadcrumb\",\"itemListElement\":[{\"@type\":\"ListItem\",\"position\":1,\"name\":\"Portada\",\"item\":\"https:\/\/blog.washrocks.com\/\"},{\"@type\":\"ListItem\",\"position\":2,\"name\":\"Lista de precios de lavanderia\"}]},{\"@type\":\"WebSite\",\"@id\":\"https:\/\/washrocks.com\/blog\/#website\",\"url\":\"https:\/\/washrocks.com\/blog\/\",\"name\":\"Consejos para cuidar la ropa \u1405 Blog de WASHROCKS\",\"description\":\"Trucos y consejos para mejorar tus coladas. Con WASHROCKS podr\u00e1s quitar todo tipo de manchas de tu ropa as\u00ed como lavar tus prendas en casa.\",\"publisher\":{\"@id\":\"https:\/\/washrocks.com\/blog\/#organization\"},\"potentialAction\":[{\"@type\":\"SearchAction\",\"target\":{\"@type\":\"EntryPoint\",\"urlTemplate\":\"https:\/\/washrocks.com\/blog\/?s={search_term_string}\"},\"query-input\":{\"@type\":\"PropertyValueSpecification\",\"valueRequired\":true,\"valueName\":\"search_term_string\"}}],\"inLanguage\":\"es\"},{\"@type\":\"Organization\",\"@id\":\"https:\/\/washrocks.com\/blog\/#organization\",\"name\":\"WASHROCKS\",\"url\":\"https:\/\/washrocks.com\/blog\/\",\"logo\":{\"@type\":\"ImageObject\",\"inLanguage\":\"es\",\"@id\":\"https:\/\/washrocks.com\/blog\/#\/schema\/logo\/image\/\",\"url\":\"https:\/\/washrocks.com\/blog\/wp-content\/uploads\/2017\/03\/washrocks_logo.png\",\"contentUrl\":\"https:\/\/washrocks.com\/blog\/wp-content\/uploads\/2017\/03\/washrocks_logo.png\",\"width\":56,\"height\":54,\"caption\":\"WASHROCKS\"},\"image\":{\"@id\":\"https:\/\/washrocks.com\/blog\/#\/schema\/logo\/image\/\"},\"sameAs\":[\"https:\/\/www.facebook.com\/WASHROCKS\/\",\"https:\/\/x.com\/washrocksapp\",\"https:\/\/www.instagram.com\/washrocks\/\",\"https:\/\/www.linkedin.com\/company\/washrocks\",\"https:\/\/www.youtube.com\/channel\/UC-hi_47p1d3HMvXvRtTJWtg\"]}]}<\/script>\n<!-- \/ Yoast SEO plugin. -->","yoast_head_json":{"title":"WASHROCKS - Lista de precios de tintorer\u00eda a domicilio en tu ciudad","description":"Consulta la tabla de precios de tintorer\u00eda a domicilio que Washrocks ofrece en tu ciudad. Tambi\u00e9n lavander\u00eda a domicilio en Barcelona, Madrid y Valencia.","robots":{"index":"index","follow":"follow","max-snippet":"max-snippet:-1","max-image-preview":"max-image-preview:large","max-video-preview":"max-video-preview:-1"},"canonical":"https:\/\/washrocks.com\/blog\/precios-de-tintoreria-a-domicilio\/","og_locale":"es_ES","og_type":"article","og_title":"WASHROCKS - Lista de precios de tintorer\u00eda a domicilio en tu ciudad","og_description":"Consulta la tabla de precios de tintorer\u00eda a domicilio que Washrocks ofrece en tu ciudad. Tambi\u00e9n lavander\u00eda a domicilio en Barcelona, Madrid y Valencia.","og_url":"https:\/\/washrocks.com\/blog\/precios-de-tintoreria-a-domicilio\/","og_site_name":"Consejos para cuidar la ropa \u1405 Blog de WASHROCKS","article_publisher":"https:\/\/www.facebook.com\/WASHROCKS\/","article_modified_time":"2022-08-23T08:33:32+00:00","twitter_card":"summary_large_image","twitter_site":"@washrocksapp","twitter_misc":{"Tiempo de lectura":"3 minutos"},"schema":{"@context":"https:\/\/schema.org","@graph":[{"@type":"WebPage","@id":"https:\/\/washrocks.com\/blog\/precios-de-tintoreria-a-domicilio\/","url":"https:\/\/washrocks.com\/blog\/precios-de-tintoreria-a-domicilio\/","name":"WASHROCKS - Lista de precios de tintorer\u00eda a domicilio en tu ciudad","isPartOf":{"@id":"https:\/\/washrocks.com\/blog\/#website"},"datePublished":"2018-10-01T15:19:33+00:00","dateModified":"2022-08-23T08:33:32+00:00","description":"Consulta la tabla de precios de tintorer\u00eda a domicilio que Washrocks ofrece en tu ciudad. Tambi\u00e9n lavander\u00eda a domicilio en Barcelona, Madrid y Valencia.","breadcrumb":{"@id":"https:\/\/washrocks.com\/blog\/precios-de-tintoreria-a-domicilio\/#breadcrumb"},"inLanguage":"es","potentialAction":[{"@type":"ReadAction","target":["https:\/\/washrocks.com\/blog\/precios-de-tintoreria-a-domicilio\/"]}]},{"@type":"BreadcrumbList","@id":"https:\/\/washrocks.com\/blog\/precios-de-tintoreria-a-domicilio\/#breadcrumb","itemListElement":[{"@type":"ListItem","position":1,"name":"Portada","item":"https:\/\/blog.washrocks.com\/"},{"@type":"ListItem","position":2,"name":"Lista de precios de lavanderia"}]},{"@type":"WebSite","@id":"https:\/\/washrocks.com\/blog\/#website","url":"https:\/\/washrocks.com\/blog\/","name":"Consejos para cuidar la ropa \u1405 Blog de WASHROCKS","description":"Trucos y consejos para mejorar tus coladas. Con WASHROCKS podr\u00e1s quitar todo tipo de manchas de tu ropa as\u00ed como lavar tus prendas en casa.","publisher":{"@id":"https:\/\/washrocks.com\/blog\/#organization"},"potentialAction":[{"@type":"SearchAction","target":{"@type":"EntryPoint","urlTemplate":"https:\/\/washrocks.com\/blog\/?s={search_term_string}"},"query-input":{"@type":"PropertyValueSpecification","valueRequired":true,"valueName":"search_term_string"}}],"inLanguage":"es"},{"@type":"Organization","@id":"https:\/\/washrocks.com\/blog\/#organization","name":"WASHROCKS","url":"https:\/\/washrocks.com\/blog\/","logo":{"@type":"ImageObject","inLanguage":"es","@id":"https:\/\/washrocks.com\/blog\/#\/schema\/logo\/image\/","url":"https:\/\/washrocks.com\/blog\/wp-content\/uploads\/2017\/03\/washrocks_logo.png","contentUrl":"https:\/\/washrocks.com\/blog\/wp-content\/uploads\/2017\/03\/washrocks_logo.png","width":56,"height":54,"caption":"WASHROCKS"},"image":{"@id":"https:\/\/washrocks.com\/blog\/#\/schema\/logo\/image\/"},"sameAs":["https:\/\/www.facebook.com\/WASHROCKS\/","https:\/\/x.com\/washrocksapp","https:\/\/www.instagram.com\/washrocks\/","https:\/\/www.linkedin.com\/company\/washrocks","https:\/\/www.youtube.com\/channel\/UC-hi_47p1d3HMvXvRtTJWtg"]}]}},"_links":{"self":[{"href":"https:\/\/washrocks.com\/blog\/wp-json\/wp\/v2\/pages\/13032","targetHints":{"allow":["GET"]}}],"collection":[{"href":"https:\/\/washrocks.com\/blog\/wp-json\/wp\/v2\/pages"}],"about":[{"href":"https:\/\/washrocks.com\/blog\/wp-json\/wp\/v2\/types\/page"}],"author":[{"embeddable":true,"href":"https:\/\/washrocks.com\/blog\/wp-json\/wp\/v2\/users\/1"}],"replies":[{"embeddable":true,"href":"https:\/\/washrocks.com\/blog\/wp-json\/wp\/v2\/comments?post=13032"}],"version-history":[{"count":21,"href":"https:\/\/washrocks.com\/blog\/wp-json\/wp\/v2\/pages\/13032\/revisions"}],"predecessor-version":[{"id":15801,"href":"https:\/\/washrocks.com\/blog\/wp-json\/wp\/v2\/pages\/13032\/revisions\/15801"}],"wp:attachment":[{"href":"https:\/\/washrocks.com\/blog\/wp-json\/wp\/v2\/media?parent=13032"}],"curies":[{"name":"wp","href":"https:\/\/api.w.org\/{rel}","templated":true}]}}